s divided by 480?
47
Calculate the remainder when 3598 is divided by 171.
7
What is the remainder when 7423 is divided by 64?
63
What is the remainder when 254 is divided by 64?
62
What is the remainder when 346 is divided by 71?
62
What is the remainder when 626 is divided by 18?
14
Calculate the remainder when 103 is divided by 59.
44
What is the remainder when 1938 is divided by 194?
192
Calculate the remainder when 19 is divided by 3.
1
Calculate the remainder when 104 is divided by 3.
2
Calculate the remainder when 280 is divided by 24.
16
Calculate the remainder when 2891 is divided by 15.
11
What is the remainder when 939 is divided by 188?
187
Calculate the remainder when 44 is divided by 12.
8
Calculate the remainder when 11 is divided by 11.
0
What is the remainder when 239 is divided by 46?
9
What is the remainder when 175 is divided by 9?
4
Calculate the remainder when 1206 is divided by 101.
95
Calculate the remainder when 1307 is divided by 119.
117
Calculate the remainder when 32 is divided by 25.
7
Calculate the remainder when 159 is divided by 6.
3
What is the remainder when 856 is divided by 54?
46
Calculate the remainder when 21 is divided by 11.
10
What is the remainder when 4351 is divided by 132?
127
Calculate the remainder when 72 is divided by 13.
7
What is the remainder when 5046 is divided by 27?
24
Calculate the remainder when 578 is divided by 71.
10
What is the remainder when 132 is divided by 53?
26
Calculate the remainder when 378 is divided by 146.
86
Calculate the remainder when 603 is divided by 55.
53
What is the remainder when 1049 is divided by 31?
26
What is the remainder when 951 is divided by 28?
27
What is the remainder when 170 is divided by 71?
28
Calculate the remainder when 324 is divided by 55.
49
Calculate the remainder when 272 is divided by 93.
86
What is the remainder when 169 is divided by 81?
7
What is the remainder when 1464 is divided by 163?
160
What is the remainder when 225 is divided by 77?
71
What is the remainder when 153 is divided by 13?
10
What is the remainder when 1201 is divided by 166?
39
Calculate the remainder when 1817 is divided by 1803.
14
Calculate the remainder when 478 is divided by 44.
38
Calculate the remainder when 195 is divided by 161.
34
What is the remainder when 343 is divided by 33?
13
Calculate the remainder when 29 is divided by 27.
2
What is the remainder when 12991 is divided by 28?
27
What is the remainder when 793 is divided by 9?
1
What is the remainder when 180 is divided by 41?
16
Calculate the remainder when 83 is divided by 34.
15
What is the remainder when 492 is divided by 119?
16
Calculate the remainder when 277 is divided by 47.
42
Calculate the remainder when 398 is divided by 273.
125
Calculate the remainder when 3246 is divided by 62.
22
What is the remainder when 466 is divided by 81?
61
What is the remainder when 7022 is divided by 2333?
23
Calculate the remainder when 272 is divided by 56.
48
What is the remainder when 343 is divided by 5?
3
What is the remainder when 1817 is divided by 28?
25
Calculate the remainder when 344 is divided by 64.
24
Calculate the remainder when 562 is divided by 141.
139
Calculate the remainder when 111 is divided by 4.
3
What is the remainder when 216 is divided by 22?
18
What is the remainder when 237 is divided by 30?
27
What is the remainder when 3464 is divided by 99?
98
Calculate the remainder when 7 is divided by 3.
1
Calculate the remainder when 413 is divided by 9.
8
Calculate the remainder when 229 is divided by 8.
5
Calculate the remainder when 502 is divided by 22.
18
Calculate the remainder when 23344 is divided by 29.
28
Calculate the remainder when 487 is divided by 98.
95
What is the remainder when 9993 is divided by 51?
48
Calculate the remainder when 305 is divided by 95.
20
What is the remainder when 1078 is divided by 52?
38
What is the remainder when 177 is divided by 46?
39
What is the remainder when 30 is divided by 22?
8
What is the remainder when 459 is divided by 152?
3
Calculate the remainder when 4058 is divided by 69.
56
What is the remainder when 17 is divided by 16?
1
What is the remainder when 837 is divided by 84?
81
Calculate the remainder when 746 is divided by 94.
88
What is the remainder when 41 is divided by 21?
20
What is the remainder when 170 is divided by 13?
1
What is the remainder when 129 is divided by 13?
12
What is the remainder when 757 is divided by 251?
4
What is the remainder when 762 is divided by 278?
206
Calculate the remainder when 360 is divided by 73.
68
What is the remainder when 3417 is divided by 19?
16
Calculate the remainder when 2036 is divided by 1999.
37
What is the remainder when 1860 is divided by 98?
96
What is the remainder when 2487 is divided by 15?
12
What is the remainder when 314 is divided by 73?
22
What is the remainder when 508 is divided by 428?
80
What is the remainder when 70 is divided by 19?
13
What is the remainder when 147 is divided by 49?
0
What is the remainder when 80 is divided by 50?
30
Calculate the remainder when 49 is divided by 11.
5
Calculate the remainder when 5620 is divided by 51.
10
What is the remainder when 465 is divided by 49?
24
What is the remainder when 2219 is divided by 21?
14
What is the remainder when 5398 is divided by 20?
18
What is the remainder when 2226 is divided by 65?
16
Calculate the remainder when 96 is divided by 45.
6
Calculate the remainder when 665 is divided by 11.
5
What is the remainder when 2351 is divided by 4?
3
Calculate the remainder when 776 is divided by 110.
6
What is the remainder when 513 is divided by 56?
9
Calculate the remainder when 601 is divided by 204.
193
What is the remainder when 5 is divided by 2?
1
What is the remainder when 8983 is divided by 81?
73
What is the remainder when 225 is divided by 78?
69
Calculate the remainder when 245 is divided by 62.
59
What is the remainder when 56 is divided by 9?
2
What is the remainder when 508 is divided by 26?
14
What is the remainder when 237 is divided by 15?
12
What is the remainder when 546 is divided by 517?
29
What is the remainder when 115 is divided by 10?
5
Calculate the remainder when 777 is divided by 71.
67
Calculate the remainder when 6046 is divided by 9.
7
What is the remainder when 688 is divided by 65?
38
Calculate the remainder when 149 is divided by 31.
25
What is the remainder when 1509 is divided by 79?
8
Calculate the remainder when 89 is divided by 6.
5
Calculate the remainder when 47 is divided by 29.
18
What is the remainder when 1129 is divided by 126?
121
What is the remainder when 4198 is divided by 28?
26
Calculate the remainder when 58 is divided by 29.
0
Calculate the remainder when 258 is divided by 85.
3
Calculate the remainder when 189 is divided by 49.
42
Calculate the remainder when 129 is divided by 34.
27
What is the remainder when 56 is divided by 4?
0
What is the remainder when 1154 is divided by 33?
32
What is the remainder when 27606 is divided by 29?
27
What is the remainder when 1236 is divided by 18?
12
Calculate the remainder when 284 is divided by 5.
4
What is the remainder when 138 is divided by 55?
28
Calculate the remainder when 1609 is divided by 25.
9
Calculate the remainder when 21682 is divided by 39.
37
Calculate the remainder when 3627 is divided by 8.
3
What is the remainder when 66 is divided by 33?
0
Calculate the remainder when 133 is divided by 38.
19
What is the remainder when 188 is divided by 68?
52
Calculate the remainder when 16168 is divided by 35.
33
Calculate the remainder when 288 is divided by 46.
12
Calculate the remainder when 2923 is divided by 17.
16
Calculate the remainder when 545 is divided by 6.
5
Calculate the remainder when 186 is divided by 95.
91
What is the remainder when 493 is divided by 31?
28
What is the remainder when 419 is divided by 8?
3
Calculate the remainder when 760 is divided by 604.
156
Calculate the remainder when 3693 is divided by 132.
129
What is the remainder when 14 is divided by 8?
6
Calculate the remainder when 240 is divided by 213.
27
Calculate the remainder when 328 is divided by 30.
28
What is the remainder when 1130 is divided by 42?
38
What is the remainder when 658 is divided by 66?
64
What is the remainder 